5 and 280.
35
Calculate the highest common factor of 21565 and 5653355.
95
Calculate the greatest common factor of 1108555 and 366740.
8335
Calculate the greatest common factor of 428191519 and 3801.
1267
Calculate the greatest common divisor of 793 and 2639847041.
793
Calculate the highest common divisor of 319500618 and 3.
3
Calculate the highest common divisor of 113 and 1129681001.
113
Calculate the highest common divisor of 4666487 and 644.
7
Calculate the greatest common factor of 752556 and 1500.
12
What is the greatest common divisor of 112484862 and 2268?
1134
What is the highest common divisor of 7100989 and 145173?
1561
What is the highest common factor of 116974 and 55198?
286
What is the greatest common divisor of 414684 and 324?
36
Calculate the greatest common factor of 3230 and 71581645.
1615
What is the highest common factor of 8542438 and 14288?
1786
Calculate the greatest common divisor of 603 and 49509717.
201
Calculate the greatest common factor of 948 and 2677152.
948
Calculate the highest common factor of 13047 and 5361.
3
Calculate the highest common factor of 20353144 and 392.
56
What is the highest common divisor of 38778 and 1173?
69
What is the greatest common factor of 3219030 and 5170?
470
Calculate the highest common factor of 24085160 and 836.
836
Calculate the greatest common factor of 1625 and 319917.
13
What is the greatest common factor of 11 and 2840845678?
11
Calculate the greatest common factor of 840 and 4470615.
15
Calculate the highest common factor of 3411055 and 320.
5
Calculate the greatest common divisor of 1190 and 76490.
10
What is the greatest common divisor of 6985 and 14620240?
635
What is the greatest common factor of 10 and 531712780?
10
Calculate the highest common factor of 260 and 1117961.
13
Calculate the greatest common divisor of 2032 and 6038596.
508
Calculate the highest common divisor of 28600 and 68236025.
3575
Calculate the greatest common divisor of 3402766 and 236.
118
What is the greatest common divisor of 5875 and 6279875?
125
Calculate the highest common factor of 59410 and 1510.
10
What is the greatest common divisor of 22532 and 4656788?
524
What is the greatest common factor of 2476 and 6153479?
619
What is the highest common divisor of 224 and 11749472?
224
Calculate the greatest common factor of 1360 and 31580.
20
What is the greatest common divisor of 5244 and 3675308?
92
What is the highest common factor of 166521834 and 70182?
10026
Calculate the greatest common factor of 3123361155 and 1790.
895
What is the greatest common factor of 171966732 and 6444?
2148
Calculate the highest common divisor of 1079710 and 690.
10
Calculate the greatest common factor of 389132 and 384.
4
What is the highest common factor of 6544957 and 131940?
733
What is the highest common divisor of 2912 and 14202?
2
What is the greatest common divisor of 14453 and 7594083?
149
What is the greatest common factor of 364 and 211146832?
52
Calculate the highest common factor of 32885670 and 10.
10
What is the highest common factor of 19425441 and 3927?
357
Calculate the greatest common divisor of 1378776 and 7917.
609
What is the highest common factor of 334656 and 7930944?
4032
Calculate the highest common factor of 23445 and 1.
1
Calculate the highest common divisor of 8712375 and 1533.
21
What is the highest common factor of 924 and 2018198?
14
What is the greatest common divisor of 1885 and 2042209?
377
Calculate the highest common divisor of 431 and 4200095.
431
Calculate the greatest common factor of 5105 and 17253879.
1021
Calculate the greatest common factor of 14622 and 627096.
6
Calculate the greatest common factor of 2656 and 33660982.
166
Calculate the greatest common divisor of 3799 and 166894.
131
Calculate the highest common divisor of 1782 and 4943348190.
1782
Calculate the highest common divisor of 161026805 and 1615.
1615
What is the highest common divisor of 246 and 25549396?
82
Calculate the greatest common divisor of 607096792 and 136.
136
Calculate the highest common divisor of 2228681 and 70889.
1729
Calculate the highest common factor of 1230033720 and 11640.
11640
What is the greatest common factor of 58827 and 202?
1
Calculate the highest common factor of 2641779 and 1575.
63
Calculate the highest common divisor of 104265304 and 520.
104
Calculate the greatest common divisor of 6764384 and 240.
16
What is the greatest common factor of 26 and 46700641?
13
Calculate the highest common factor of 1530868 and 4.
4
Calculate the greatest common factor of 592 and 5148846.
74
What is the greatest common factor of 551 and 1115053?
19
Calculate the greatest common divisor of 730567212 and 12.
12
What is the highest common factor of 885 and 926418?
177
What is the greatest common factor of 23959 and 96888353?
1843
Calculate the highest common divisor of 10 and 11933998.
2
Calculate the highest common divisor of 82768 and 420896.
112
Calculate the highest common divisor of 7 and 672175469.
7
What is the greatest common factor of 544747059 and 1062?
531
Calculate the highest common divisor of 76 and 7869427372.
76
Calculate the highest common divisor of 1071 and 16352217.
63
What is the highest common divisor of 59355608 and 11245?
2249
Calculate the greatest common factor of 12256107 and 69.
3
What is the greatest common divisor of 73160 and 23039200?
1240
What is the highest common divisor of 303466896 and 1998?
666
Calculate the greatest common divisor of 3944 and 672104.
232
Calculate the highest common factor of 194 and 98726697.
97
What is the greatest common divisor of 2307 and 108643551?
2307
What is the highest common factor of 549 and 24404373?
9
Calculate the highest common divisor of 456 and 82759440.
456
Calculate the highest common divisor of 1555 and 23677985.
1555
Calculate the highest common factor of 28 and 161714.
14
What is the highest common divisor of 18471885 and 30?
15
What is the greatest common divisor of 358298397 and 346?
173
Calculate the greatest common factor of 2929 and 189341.
29
Calculate the highest common factor of 3174 and 2169429.
1587
What is the greatest common factor of 1192 and 181115162?
298
What is the highest common factor of 1834528 and 224?
32
What is the highest common factor of 100889277 and 34152?
4269
What is the highest common divisor of 64945530 and 108?
54
Calculate the greatest common factor of 2550 and 86058318.
102
Calculate the greatest common factor of 492812174 and 31422.
10474
Calculate the highest common factor of 111522376 and 1981.
1981
Calculate the greatest common divisor of 41508018 and 153.
9
What is the greatest common divisor of 968 and 53872346?
242
What is the highest common divisor of 134656368 and 924?
924
Calculate the greatest common factor of 84983 and 343774.
17
Calculate the greatest common factor of 7134 and 686586.
246
Calculate the highest common divisor of 261732 and 8.
4
What is the greatest common divisor of 87 and 3712539?
3
What is the greatest common divisor of 1505967673 and 1295?
259
What is the greatest common factor of 16258 and 869?
11
What is the highest common factor of 12441377 and 35815?
377
What is the highest common divisor of 4690750 and 37750?
250
What is the highest common divisor of 5310 and 45735?
15
Calculate the greatest common factor of 24740417 and 65.
13
What is the highest common factor of 191412 and 17316?
468
Calculate the highest common divisor of 34050 and 1172001.
681
What is the greatest common divisor of 4885352 and 10757?
31
What is the highest common factor of 2211820981 and 3277?
3277
What is the greatest common factor of 34105 and 2863025?
1795
What is the highest common divisor of 101244 and 1270412?
572
What is the highest common factor of 81 and 723671631?
27
Calculate the greatest common factor of 50644506 and 1709.
1709
What is the highest common divisor of 9198 and 548157?
219
What is the highest common factor of 5065 and 16644603?
1013
Calculate the highest common divisor of 13269 and 136091287.
4423
Calculate the greatest common factor of 33708 and 10197624.
636
Calculate the highest common divisor of 3031227 and 45.
9
What is the greatest common factor of 184464 and 64050?
2562
What is the highest common divisor of 459220 and 7620?
20
Calculate the great